) is divided by 76?
50
Suppose -b - 5*v - 35 = -224, -5*v - 587 = -3*b. Calculate the remainder when 587 is divided by b.
5
Let s be ((-14)/(-4))/(14/28). What is the remainder when 43 is divided by 14 - s/((-35)/(-10))?
7
Suppose -26*g = -25*g - 29. What is the remainder when 44 is divided by g?
15
Suppose -4 = 5*k - 6*k. What is the remainder when 0 + k - 33/(-3) is divided by 9?
6
Let l(w) = 53*w - 60. Calculate the remainder when l(5) is divided by 70.
65
Let y = 13513 + -9456. Calculate the remainder when y is divided by 123.
121
Let x = 15 - -18. Calculate the remainder when x is divided by 13.
7
Suppose i - y = -2*y + 72, -3*i = 4*y - 217. What is the remainder when i is divided by 14?
1
Let p be 24/3*1/2. Let o be (11/4 + 0)*p. Suppose o - 59 = -4*y. What is the remainder when 46 is divided by y?
10
Let n(h) = h**3 - 45*h**2 - 95*h + 74. What is the remainder when 120 is divided by n(47)?
12
Suppose 3*r + 0*r = 27. Let y be (-1)/((-88)/28 - -3). Let p(f) = 2*f**2 - 10*f - 2. Calculate the remainder when p(y) is divided by r.
8
What is the remainder when (35/(-14))/(1/(-12)) is divided by 14?
2
Let t be 100/15*6/(-4). Let n = t - -61. Calculate the remainder when n is divided by 11.
7
Suppose -3*h - 78 = -4*b, 4*h - 2 = 6. Calculate the remainder when 28 is divided by b.
7
Let c(a) = 16*a**2 + 12*a - 2. Calculate the remainder when c(-4) is divided by 14.
10
Let n(w) = 7*w**2 - 21*w - 124. What is the remainder when n(-8) is divided by 13?
11
Let h(u) = -4*u + 207*u**2 - 206*u**2 + 14 + 0. Calculate the remainder when 127 is divided by h(6).
23
Suppose -51*g + 61*g = 200. Calculate the remainder when 356 is divided by g.
16
Suppose -b = -4*f + 7, b + 4*f = -4*b + 85. Let z = 71 + b. Calculate the remainder when z is divided by 22.
18
Let i(b) = -30*b + 99. Calculate the remainder when 28 is divided by i(3).
1
Suppose 12*i + 4*i - 96 = 0. Suppose -b + 4 = b. What is the remainder when 1*23 - (b - 1) is divided by i?
4
Suppose -k - 5*x - 9 = -4*k, 5*k - 5*x - 5 = 0. What is the remainder when -1*(9/(18/(-28)) - k) is divided by 6?
0
Let s be ((-16)/(-48))/((-1)/(-12)). Suppose s*o - 5*g - 49 - 110 = 0, -4*g + 20 = 0. Calculate the remainder when o is divided by 25.
21
Let o = -12 + -25. Let k = o + 2. Let n = k + 61. Calculate the remainder when n is divided by 14.
12
Let l = -5 + -3. Let x be 6/l - 273/(-28). Suppose 3*s - 21 = x. Calculate the remainder when 19 is divided by s.
9
Let i = -3 + 4. Calculate the remainder when ((-76)/(4/(-2)))/i is divided by 25 + (-352)/112 + (-6)/7.
17
Suppose 4*l + 19 = 5*y - 0*l, -2*y + 4*l = -10. Suppose 329 = 3*n - y*a - 196, 0 = -3*n - a + 509. Calculate the remainder when n is divided by 43.
42
Let m = -17 + -9. Let w = m + 74. Calculate the remainder when w is divided by (102/9)/(2/3).
14
Let l = -12 - -12. Let w be (-69)/(-21) + 4/(-14). Let u = l + w. What is the remainder when 5 is divided by u?
2
Suppose 2*o - o - 4*f = -3, -10 = -2*o + 4*f. Calculate the remainder when 14 is divided by o.
1
Suppose 2*p - l + 4*l - 180 = 0, -2*l + 280 = 3*p. Let s = p - -10. Calculate the remainder when s is divided by 12.
10
Suppose b = d - 431, b + 186 = 5*d - 249. Calculate the remainder when b/(-15) + (-3)/(-9) is divided by 8.
5
Suppose 0 = 444*k - 448*k + 576. What is the remainder when k is divided by 32?
16
Suppose 2*y + 0*u = 4*u - 44, -u - 16 = y. Let t = y + 31. Calculate the remainder when t is divided by 3.
1
Suppose 2*r + 34 = 2*k - r, -k - r + 22 = 0. Suppose 0 = 3*b - 2*l + 1, -b - 2*l = 6 - 3. Let n = b + k. What is the remainder when 35 is divided by n?
16
Let f = -49 - -108. Let j(z) = 15*z**2 - 14*z - 14. Calculate the remainder when f is divided by j(-1).
14
Let s be (-237)/(-2)*16/24. Suppose -3*k + 14 = -1, -4*u - 3*k + s = 0. What is the remainder when 111 is divided by u?
15
Let q = 107 + -66. Let f = q - 24. What is the remainder when f is divided by (-1)/(-12)*6*18?
8
Let f(d) = 7*d + 1. Calculate the remainder when 31 - ((-4 - -8) + -2) is divided by f(2).
14
Let o(g) = -2*g**3 - 8*g**2 - 9*g - 19. Calculate the remainder when 202 is divided by o(-4).
15
Suppose -2*z - 4*o + 123 = 29, -3*o + 90 = 2*z. Calculate the remainder when 232 is divided by z.
37
Suppose -5*m + 4 = 3*g - 0*m, 0 = -3*g + 5*m + 14. Let f(w) = w**2 - 6*w - 6. What is the remainder when (2 + -1)/(g/6) is divided by f(7)?
0
Let t = -29882 + 61973. Calculate the remainder when t/152 + (-2)/16 is divided by 53.
52
Suppose 2*m - 4*m + 3*j + 37 = 0, 5*j - 38 = -m. Let o = m + -66. Let v = o + 68. Calculate the remainder when v is divided by 13.
12
Let x be 4/6 + 644/6. Suppose 4*v - 8*q - 216 = -4*q, 2*v + 4*q = x. Calculate the remainder when v is divided by 15.
9
Let c(b) = -b**2 + b + 2. Let z be c(4). Let w(a) = a**2 + 7*a - 8. Calculate the remainder when 63 is divided by w(z).
19
Suppose -5*n + 2*n - 33 = 0. Let a(c) = 2*c**2 + 8*c - 16. Calculate the remainder when a(n) is divided by 28.
26
Let t(w) = 3*w**2 + 9*w + 7. Calculate the remainder when t(4) is divided by 23.
22
Let v(x) = 0*x - 8*x + 9 - 8 - x**2 + 10. Suppose 2*p + 2 = 3*l + 4, 2*p + l = 18. What is the remainder when v(-4) is divided by p?
6
Let t be 62/((5 - -1)/3). Suppose -t = 5*x - 11, 3*m = -5*x + 52. What is the remainder when m is divided by 3?
0
Suppose -3*f + 9*f = -96. Calculate the remainder when 17 is divided by (-2)/(-2)*f/(-4).
1
Let t(n) = 85*n - 6. Let k be t(-8). Let m(g) = 2*g**3 - 2*g**2 + 1. What is the remainder when k/(-30) + 20/150 is divided by m(2)?
5
Let h(c) = -c**2 + 4*c + 8. Let k be h(5). Suppose -z - 3*q = -3 - k, 0 = z - 3*q - 36. Calculate the remainder when 58 is divided by z.
16
Suppose 5*z = 7 + 13. Suppose -2*f - 50 = z*t - 8*t, -2*t = 4*f - 20. Let j(b) = 2*b**2 + 3*b + 12. Calculate the remainder when j(-4) is divided by t.
8
Suppose 124 = -7*a + 614. Calculate the remainder when a is divided by 67.
3
Suppose 0*v + 2*k + 2 = -2*v, -5*k - 45 = -5*v. Suppose v*g - 49 = 15. Calculate the remainder when 45 is divided by g.
13
Suppose 299 = o - 373. Calculate the remainder when (o/(-49))/((-2)/14) is divided by 14.
12
Suppose -19*d + 24*d - 25 = 0. What is the remainder when 44 is divided by d?
4
What is the remainder when (-98775)/(-360) - 3/8 is divided by 134?
6
What is the remainder when 109 - (15*12/(-18))/2 is divided by 2?
0
Let g = -11 - -21. Let p(s) = -s**2 - 12*s + 6. Calculate the remainder when g is divided by p(0).
4
Let n(b) = -19*b - 19. Let m be n(5). Let x = 125 + m. Calculate the remainder when 97 is divided by x.
9
Suppose n + 3*x - 168 = 0, -869 + 51 = -5*n - 4*x. What is the remainder when n is divided by 30?
12
Let i = -42 + 87. Let q = 77 - i. What is the remainder when 93 is divided by q?
29
Suppose 137 = 6*p - 235. Calculate the remainder when 309 is divided by p.
61
Suppose -b - b + 74 = 4*v, -5*b = 4*v - 59. Let a(y) = y**3 + 32*y**2 - 31*y + 71. Calculate the remainder when v is divided by a(-33).
1
Calculate the remainder when 1687 is divided by (-7540)/29*(-1)/4.
62
Let t(q) = -q**3 + 7*q**2 + 9*q + 8. Let w be t(8). Calculate the remainder when 63 is divided by w/((-7 - -8)*(1 + 0)).
15
Let f = 11 + 7. Let c(h) = 2*h. Let n be c(1). Suppose n*b = -20 + 158. What is the remainder when b is divided by f?
15
Let q be (-6*2)/(-3)*1. Let a = 2 + q. Suppose 0 = -11*s + a*s + 170. Calculate the remainder when s is divided by 12.
10
Let m(s) = s**3 + 24*s - s**2 + 3*s**2 - 16*s**2 + 8. Calculate the remainder when 44 is divided by m(12).
4
Let k(n) = -2*n + 2. Let c be k(5). Let p be 1/4 + (-38)/c. Suppose 4*a + 3*z = -z + 36, -p*z - 33 = -a. Calculate the remainder when a is divided by 4.
1
Let z = 2471 + -2426. What is the remainder when 238 is divided by z?
13
Suppose -204*y - 144 = -213*y. What is the remainder when 211 is divided by y?
3
Suppose 952 = 10*r - 1148. What is the remainder when r is divided by 43?
38
Let f = -80 - -80. Suppose -5*x - 5*s + 50 = f, 5 = x - 3*s - s. Suppose 178 - 25 = 3*r. Calculate the remainder when r is divided by x.
6
Suppose -255 = -x - 2*x. Let z = -4 + x. Calculate the remainder when z is divided by 14.
11
Let n(v) = 4 - 7*v**3 - 9*v**2 + 8*v**3 + 9*v + 0*v**3. Let m be n(8). Let a = m + -5. Calculate the remainder when 46 is divided by a.
4
Let 